red thousands digit of 129365724?
3
What is the thousands digit of 37846502?
6
What is the hundred thousands digit of 893996446?
9
What is the thousands digit of 7700118434?
8
What is the thousands digit of 365515974?
5
What is the tens digit of 29639793?
9
What is the ten millions digit of 2521694315?
2
What is the tens digit of 19617069?
6
What is the ten thousands digit of 1356842137?
4
What is the tens digit of 510057964?
6
What is the tens digit of 32204059?
5
What is the millions digit of 266709403?
6
What is the tens digit of 1598909723?
2
What is the units digit of 48324090?
0
What is the hundred thousands digit of 184990944?
9
What is the millions digit of 67005107?
7
What is the units digit of 237109531?
1
What is the ten thousands digit of 84523261?
2
What is the hundreds digit of 7521172619?
6
What is the hundred millions digit of 143175393?
1
What is the ten millions digit of 70221819?
7
What is the hundred millions digit of 111344699?
1
What is the hundred thousands digit of 68527098?
5
What is the units digit of 688734885?
5
What is the thousands digit of 63817476?
7
What is the millions digit of 1230107642?
0
What is the millions digit of 11280543?
1
What is the thousands digit of 4942143912?
3
What is the tens digit of 18646703?
0
What is the ten thousands digit of 251366725?
6
What is the tens digit of 742969195?
9
What is the tens digit of 259108394?
9
What is the millions digit of 1475248845?
5
What is the units digit of 2053620436?
6
What is the thousands digit of 101848686?
8
What is the millions digit of 55765649?
5
What is the hundred millions digit of 1270493880?
2
What is the hundred thousands digit of 277569236?
5
What is the hundred millions digit of 2900246404?
9
What is the units digit of 298150189?
9
What is the tens digit of 32666305?
0
What is the tens digit of 9625965?
6
What is the hundred thousands digit of 232356243?
3
What is the units digit of 46637752?
2
What is the units digit of 1538280536?
6
What is the hundred thousands digit of 3217217155?
2
What is the hundred millions digit of 326043481?
3
What is the hundred millions digit of 585946305?
5
What is the ten thousands digit of 3278477261?
7
What is the hundred thousands digit of 5216753868?
7
What is the ten millions digit of 229796989?
2
What is the hundred millions digit of 752500256?
7
What is the ten thousands digit of 83357220?
5
What is the units digit of 6752346024?
4
What is the hundred thousands digit of 2201201586?
2
What is the units digit of 715893919?
9
What is the ten millions digit of 104599285?
0
What is the units digit of 2665980365?
5
What is the thousands digit of 44518165?
8
What is the billions digit of 1497343654?
1
What is the units digit of 380063129?
9
What is the thousands digit of 998859134?
9
What is the millions digit of 9432028?
9
What is the units digit of 1050516760?
0
What is the ten millions digit of 4988795453?
8
What is the hundred thousands digit of 44383543?
3
What is the ten millions digit of 368088267?
6
What is the units digit of 111881758?
8
What is the ten thousands digit of 4217704?
1
What is the ten millions digit of 307812264?
0
What is the ten millions digit of 242250663?
4
What is the tens digit of 51635010?
1
What is the tens digit of 398029394?
9
What is the ten millions digit of 60963475?
6
What is the units digit of 14954479?
9
What is the ten thousands digit of 804086255?
8
What is the ten millions digit of 714630157?
1
What is the thousands digit of 141014632?
4
What is the units digit of 377095313?
3
What is the tens digit of 70805600?
0
What is the thousands digit of 523302196?
2
What is the ten thousands digit of 270855623?
5
What is the units digit of 75136444?
4
What is the millions digit of 21564299?
1
What is the ten millions digit of 148475605?
4
What is the units digit of 16767870?
0
What is the units digit of 3934773228?
8
What is the ten millions digit of 616931031?
1
What is the ten thousands digit of 201969966?
6
What is the units digit of 808782339?
9
What is the hundred thousands digit of 245129539?
1
What is the tens digit of 2394075636?
3
What is the hundreds digit of 4492121158?
1
What is the units digit of 1062644844?
4
What is the ten millions digit of 799043541?
9
What is the hundred thousands digit of 105515995?
5
What is the ten thousands digit of 2500978954?
7
What is the hundreds digit of 2766959920?
9
What is the thousands digit of 85020306?
0
What is the tens digit of 752307079?
7
What is the millions digit of 11399679?
1
What is the tens digit of 17951671?
7
What is the tens digit of 588219791?
9
What is the millions digit of 203804376?
3
What is the tens digit of 69059146?
4
What is the hundred millions digit of 740755985?
7
What is the hundreds digit of 1638317670?
6
What is the hundreds digit of 204859376?
3
What is the ten thousands digit of 5349005?
4
What is the tens digit of 2375782772?
7
What is the hundreds digit of 10876207?
2
What is the units digit of 8747273?
3
What is the hundred thousands digit of 2194295326?
2
What is the units digit of 16323007?
7
What is the hundred millions digit of 267950114?
2
What is the tens digit of 410349600?
0
What is the hundred millions digit of 574881373?
5
What is the thousands digit of 447939093?
9
What is the millions digit of 104551197?
4
What is the thousands digit of 47220064?
0
What is the hundreds digit of 106545264?
2
What is the hundred thousands digit of 352584142?
5
What is the thousands digit of 586828516?
8
What is the ten millions digit of 1796216052?
9
What is the units digit of 19901729?
9
What is the tens digit of 469960635?
3
What is the hundreds digit of 943447309?
3
What is the thousands digit of 3640362456?
2
What is the hundreds digit of 18838971?
9
What is the units digit of 6665351448?
8
What is the hundreds digit of 59560529?
5
What is the thousands digit of 969319413?
9
What is the tens digit of 29949740?
4
What is the hundreds digit of 414709875?
8
What is the millions digit of 2140889?
2
What is the thousands digit of 35824477?
4
What is the hundreds digit of 115792664?
6
What is the hundreds digit of 43365226?
2
What is the hundred thousands digit of 175854704?
8
What is the hundreds digit of 1463547355?
3
What is the thousands digit of 32806230?
6
What is the ten millions digit of 44323277?
4
What is the millions digit of 1153610787?
3
What is the units digit of 1849919543?
3
What is the millions digit of 22563006?
2
What is the hundred millions digit of 110061774?
1
What is the tens digit of 305357822?
2
What is the ten thousands digit of 460630700?
3
What is the hundred millions digit of 5760572445?
7
What is the ten thousands digit of 2016281926?
8
What is the units digit of 26148250?
0
What is the millions digit of 1365575427?
5
What is the hundred thousands digit of 129906525?
9
What is the thousands digit of 122236041?
6
What is the hundreds digit of 2227345628?
6
What is the billions digit of 4997601850?
4
What is the ten thousands digit of 355545419?
4
What is the ten millions digit of 28287209?
2
What is the hundreds digit of 322737027?
0
What is the tens digit of 672892893?
9
What is the ten thousands digit of 2439696037?
9
What is the millions digit of 63027994?
3
What is the hundred millions digit of 840384284?
8
What is the millions digit of 54560427?
4
What is the millions digit of 194429924?
4
What is the hundred thousands digit of 856503376?
5
What is the ten thousands digit of 2904338776?
3
What is the thousands digit of 62984321?
4
What is the ten thousands digit of 634790629?
9
What is the hundred thousands digit of 1286274762?
2
What is the hundred thousands digit of 29708257?
7
What is the tens digit of 3093645000?
0
What is the ten thousands digit of 5130004910?
0
What is the thousands digit of 120425337?
5
What is the units digit of 609524000?
0
What is the hundreds digit of 1355934725?
7
What is the millions digit of 1554796290?
4
What is the tens digit of 489183822?
2
What is the ten thousands digit of 3690015118?
1
What is the hundreds digit of 3703793392?
3
What is the millions digit of 3000819744?
0
What is the thousands digit of 3786722?
6
What is the hundred millions digit of 202062864?
2
What is the units digit of 3519163114?
4
What is the hundreds digit of 4